{"id":57,"date":"2025-01-23T13:33:26","date_gmt":"2025-01-23T13:33:26","guid":{"rendered":"https:\/\/misterije.stihomgovorim.com\/?page_id=57"},"modified":"2026-02-02T12:15:04","modified_gmt":"2026-02-02T12:15:04","slug":"bibliografija","status":"publish","type":"page","link":"https:\/\/misterije.stihomgovorim.com\/index.php\/bibliografija\/","title":{"rendered":"Bibliografija"},"content":{"rendered":"\n<h2 class=\"wp-block-heading\">Snojava<\/h2>\n\n\n\n<figure class=\"wp-block-image size-full\"><img decoding=\"async\" width=\"313\" height=\"475\" src=\"https:\/\/misterije.stihomgovorim.com\/wp-content\/uploads\/2025\/01\/b1-1.jpg\" alt=\"\" class=\"wp-image-75\" srcset=\"https:\/\/misterije.stihomgovorim.com\/wp-content\/uploads\/2025\/01\/b1-1.jpg 313w, https:\/\/misterije.stihomgovorim.com\/wp-content\/uploads\/2025\/01\/b1-1-198x300.jpg 198w\" sizes=\"(max-width: 313px) 100vw, 313px\" \/><\/figure>\n\n\n\n<p><\/p>\n\n\n\n<p>Izdava\u010d <em>Banatski kulturni Centar<\/em>, Kikinda, 2014. godine. <\/p>\n\n\n\n<p>* Pobjedni\u010dki rukopis na Konkursu za objavljivanje prvih knjiga mladih autora do 30 godina sa teritorije Op\u0161tine Kikinda i iz dijaspore.<\/p>\n\n\n\n<p>Knjiga <em>Snojava<\/em> je dvodijelna zbirka kratkih pri\u010da u kojoj je autor postavio dva te\u017ei\u0161ta, pa osam pripovijedaka balansira izme\u0111u bezbri\u017enih snova i surove jave. Svojim vje\u0161tim pripovijedanjem, Aleksandar upli\u0107e te snove i javu u fantasti\u010dno klupko za koje se \u010dvrsto dr\u017eimo od po\u010detka do kraja knjige, ni trenutka ga ne ispu\u0161taju\u0107i iz ruku. Ono \u0161to karakteri\u0161e ovu knjigu je ujedna\u010den kvalitet svih osam pri\u010da, kao i pitko pripovijedanje, sa odmjerenim dijalozima, koji su istovremeno i sna\u017eni i uvjerljivi, bez praznina ili suvi\u0161nih dijelova. Pored dijaloga, autor je na jednaku mjeru odvagao i opise, ne zadr\u017eavaju\u0107i se puno na eksterijerima i enterijerima, ve\u0107 kako kratka pri\u010da iziskuje, na ljudskim emocijama, pa se sa svakim likom do kraja sa\u017eivljavamo. Jezik kojim Aleksandar pi\u0161e je lijep i prirodan, rasko\u0161nog izraza, neiskvaren tu\u0111icama i rogobatnim konstrukcijama.<\/p>\n\n\n\n<p>Ninoslav Mitrovi\u0107<\/p>\n\n\n\n<p class=\"has-text-align-center\"><strong>______________________________________________________________________________<\/strong><\/p>\n\n\n\n<p><\/p>\n\n\n\n<h2 class=\"wp-block-heading\">Lim pri\u010da, \u010dovjek zaboravlja<\/h2>\n\n\n\n<figure class=\"wp-block-image is-resized size-full\"><img decoding=\"async\" width=\"1024\" height=\"767\" src=\"https:\/\/misterije.stihomgovorim.com\/wp-content\/uploads\/2025\/01\/b2-1024x767.jpg\" alt=\"\" class=\"wp-image-77\" style=\"width:563px;height:auto\" srcset=\"https:\/\/misterije.stihomgovorim.com\/wp-content\/uploads\/2025\/01\/b2-1024x767.jpg 1024w, https:\/\/misterije.stihomgovorim.com\/wp-content\/uploads\/2025\/01\/b2-300x225.jpg 300w, https:\/\/misterije.stihomgovorim.com\/wp-content\/uploads\/2025\/01\/b2-768x575.jpg 768w, https:\/\/misterije.stihomgovorim.com\/wp-content\/uploads\/2025\/01\/b2-1536x1150.jpg 1536w, https:\/\/misterije.stihomgovorim.com\/wp-content\/uploads\/2025\/01\/b2-2048x1533.jpg 2048w\" sizes=\"(max-width: 1024px) 100vw, 1024px\" \/><\/figure>\n\n\n\n<p><\/p>\n\n\n\n<p>Izdava\u010d NVO <em>Stihom govorim<\/em>, Bijelo Polje, 2015. godine.<\/p>\n\n\n\n<p><em>Lim pri\u010da, \u010dovjek zaboravlja<\/em> je knjiga pri\u010da koja se sastoji od dvije potpuno odvojene cjeline, <em>Zaboravljene pri\u010de iz limske<\/em> doline koju potpisuje Aleksandar Obradovi\u0107 i <em>Ovo \u0107u da ti ispri\u010dam<\/em> koju potpisuje Slobodan Zoran Obradovi\u0107.<\/p>\n\n\n\n<p>Ove cjeline \u0161tampane su u me\u0111usobno obrnutim smjerovima i donose pri\u010de \u010dija se radnja odvija u dolini Lima.<\/p>\n\n\n\n<p class=\"has-text-align-center\"><strong>______________________________________________________________________________<\/strong><\/p>\n\n\n\n<p><\/p>\n\n\n\n<h2 class=\"wp-block-heading\">Karta u jednom smjeru<\/h2>\n\n\n\n<figure class=\"wp-block-image is-resized size-full\"><img decoding=\"async\" width=\"722\" height=\"1024\" src=\"https:\/\/misterije.stihomgovorim.com\/wp-content\/uploads\/2025\/01\/b3-722x1024.jpg\" alt=\"\" class=\"wp-image-78\" style=\"width:318px;height:auto\" srcset=\"https:\/\/misterije.stihomgovorim.com\/wp-content\/uploads\/2025\/01\/b3-722x1024.jpg 722w, https:\/\/misterije.stihomgovorim.com\/wp-content\/uploads\/2025\/01\/b3-212x300.jpg 212w, https:\/\/misterije.stihomgovorim.com\/wp-content\/uploads\/2025\/01\/b3-768x1089.jpg 768w, https:\/\/misterije.stihomgovorim.com\/wp-content\/uploads\/2025\/01\/b3-1084x1536.jpg 1084w, https:\/\/misterije.stihomgovorim.com\/wp-content\/uploads\/2025\/01\/b3.jpg 1397w\" sizes=\"(max-width: 722px) 100vw, 722px\" \/><\/figure>\n\n\n\n<p><\/p>\n\n\n\n<p>Izdava\u010d <em>Narodna knjiga<\/em>, Podgorica i <em>Miba books<\/em>, Beograd, 2015. godine.<\/p>\n\n\n\n<p>Dinami\u010dni mozaik-roman \u010dije se \u010ditanje mo\u017ee otpo\u010deti na sedam razli\u010ditih na\u010dina. Prva polovina donosi \u0161est, na prvi pogled nepovezanih, ljudskih pri\u010da koje se sve kao pritoke stapaju u jednu cjelinu.<\/p>\n\n\n\n<p>&#8220;&#8230;Ima u ovom kratkom romanu mnogo grubosti i nasilni\u0161tva. Brzog sazrevanja, sporog zaboravljanja. Kad se pa\u017eljivo pro\u010dita, nekako prestanemo da volimo ljude ako nemaju magiju. Po\u017eelimo nekima kartu u jednom pravcu&#8230;&#8221;<\/p>\n\n\n\n<p>&#8220;&#8230;Ra\u0161omonsko putovanje vi\u0111eno o\u010dima \u0161estoro razli\u010ditih junaka. Svaki ima svoju brigu i magiju. I put od brige do magije&#8230;&#8221;<\/p>\n\n\n\n<p>prof. dr Dobrivoje Stanojevi\u0107<\/p>\n\n\n\n<p class=\"has-text-align-center\"><strong>______________________________________________________________________________<\/strong><\/p>\n\n\n\n<p><\/p>\n\n\n\n<h2 class=\"wp-block-heading\">Ba\u0161 Pamuk i druge bajke<\/h2>\n\n\n\n<figure class=\"wp-block-image is-resized size-full\"><img decoding=\"async\" width=\"1024\" height=\"779\" src=\"https:\/\/misterije.stihomgovorim.com\/wp-content\/uploads\/2025\/01\/b4-1024x779.jpg\" alt=\"\" class=\"wp-image-79\" style=\"width:559px;height:auto\" srcset=\"https:\/\/misterije.stihomgovorim.com\/wp-content\/uploads\/2025\/01\/b4-1024x779.jpg 1024w, https:\/\/misterije.stihomgovorim.com\/wp-content\/uploads\/2025\/01\/b4-300x228.jpg 300w, https:\/\/misterije.stihomgovorim.com\/wp-content\/uploads\/2025\/01\/b4-768x584.jpg 768w, https:\/\/misterije.stihomgovorim.com\/wp-content\/uploads\/2025\/01\/b4-1536x1169.jpg 1536w, https:\/\/misterije.stihomgovorim.com\/wp-content\/uploads\/2025\/01\/b4-2048x1559.jpg 2048w\" sizes=\"(max-width: 1024px) 100vw, 1024px\" \/><\/figure>\n\n\n\n<p><\/p>\n\n\n\n<p>Izdava\u010d JU <em>Ratkovi\u0107eve ve\u010deri poezije<\/em>, Bijelo Polje, 2016. godine (1. izdanje) i NVO <em>Stihom govorim<\/em>, Bijelo Polje, 2023. godine (2. izdanje). <\/p>\n\n\n\n<p>* Naju\u017ei izbor za nagradu <em>Mali princ<\/em> 2017. godine, koja se dodjeljuje za najbolju dje\u010diju knjigu u regionu za godi\u0161nju produkciju.<\/p>\n\n\n\n<p class=\"has-text-align-left\">Knjiga sastavljena od \u0161est autorskih bajki nastalih na bazi ve\u0107 dobro ukorijenjenih naslova na kojima su porasle generacije, ali na na\u010din da njihova spona sa originalnim bajkama bude samo u izokrenutom naslovu.<\/p>\n\n\n\n<p>&#8220;&#8230;Zbirka bajkovitih pri\u010da Aleksandra Obradovi\u0107a unosi potpuno novu dimenziju u saznanjima o autorskoj bajci. Jedinstvena po svojoj strukturi i motivima ova zbirka predstavlja osvje\u017eenje na crnogorskoj<br>knji\u017eevnoj sceni.<br>Svaki narod na planeti ima svoju Pepeljugu, Crvenkapu, Usuda, ili Divljana, ima i svog Ba\u0161 \u010celika. Crna Gora ima Gvozdenog \u010dovjeka u atipi\u010dnom liku \u201edobrog (mekog) kao pamuk\u201c po kome Obradovi\u0107eva<br>zbirka i nosi ime \u2013 Ba\u0161 Pamuk i druge bajke. Iako opoziocionim naslovom upu\u0107uje na poznatu bajku Ba\u0161 \u010celik, u svom sadr\u017eaju se u potpunosti razlikuje od nje. Autor je na \u010darobno-liri\u010dan na\u010din napravio<br>igru motiva i stilizovanim rije\u010dima izgradio sopstvene likove. Uzeo je gra\u0111u i motive koji zasijecaju u daleku i maglovitu pro\u0161lost \u010dovje\u010djeg roda, oslanjaju\u0107i se naj\u010de\u0161\u0107e na izvornu literaturu legendi i mitova. To bez sumnje ukazuje na autorovo odli\u010dno obrazovanje i dobro poznavanje pomenutih \u017eanrova&#8230;.&#8221;<\/p>\n\n\n\n<p>mr Blaga \u017duri\u0107<\/p>\n\n\n\n<p class=\"has-text-align-center\"><strong><strong>______________________________________________________________________________<\/strong><\/strong><\/p>\n\n\n\n<p><\/p>\n\n\n\n<h2 class=\"wp-block-heading\">Rulet srca i druge misterije<\/h2>\n\n\n\n<figure class=\"wp-block-image is-resized size-full\"><img decoding=\"async\" width=\"661\" height=\"1024\" src=\"https:\/\/misterije.stihomgovorim.com\/wp-content\/uploads\/2025\/01\/b5-661x1024.jpg\" alt=\"\" class=\"wp-image-80\" style=\"width:331px;height:auto\" srcset=\"https:\/\/misterije.stihomgovorim.com\/wp-content\/uploads\/2025\/01\/b5-661x1024.jpg 661w, https:\/\/misterije.stihomgovorim.com\/wp-content\/uploads\/2025\/01\/b5-194x300.jpg 194w, https:\/\/misterije.stihomgovorim.com\/wp-content\/uploads\/2025\/01\/b5-768x1189.jpg 768w, https:\/\/misterije.stihomgovorim.com\/wp-content\/uploads\/2025\/01\/b5-992x1536.jpg 992w, https:\/\/misterije.stihomgovorim.com\/wp-content\/uploads\/2025\/01\/b5.jpg 1279w\" sizes=\"(max-width: 661px) 100vw, 661px\" \/><\/figure>\n\n\n\n<p><\/p>\n\n\n\n<p>Izdava\u010d JU <em>Radio Bijelo Polje<\/em> i NVO <em>Stihom govorim<\/em>, Bijelo Polje, 2016. godine.<\/p>\n\n\n\n<p>Knji\u00adga <em>Ru\u00adlet sr\u00adca i dru\u00adge mi\u00adste\u00adri\u00adje<\/em> sa\u00adsta\u00advlje\u00adna je od 13 kri\u00admi pri\u00ad\u010da, po\u00addi\u00adje\u00adlje\u00adnih u dva ci\u00adklu\u00adsa. Rije\u010d je o prvom serijalu krimi pri\u010da \u010dija radnja je smje\u0161tena skoro isklju\u010divo u Crnoj Gori.<\/p>\n\n\n\n<p>Pr\u00advi ci\u00adklus \u010di\u00adni 10 pri\u00ad\u010da, ko\u00adje pra\u00adte avan\u00adtu\u00adre Milovana Nedeljkovi\u0107a &#8211; iz\u00admi\u00ad\u0161lje\u00adnog fo\u00adren\u00adzi\u010d\u00adkog psi\u00adhi\u00adja\u00adtra i ranja ovih pri\u010da doga\u0111a se u sada\u0161njosti. Dru\u00adgi ci\u00adklus \u010di\u00adne tri du\u00ad\u017ee pri\u00ad\u010de, a radnja im je smje\u00ad\u0161te\u00adna u stu\u00addent\u00adske da\u00adne glav\u00adnog ju\u00adna\u00adka.<\/p>\n\n\n\n<p>Prvi ciklus ovog serijala objavljivan je u nastavcima u dnevnim novinama \u201eBlic\u201d, izdanje za Crnu Goru, a dvije pri\u010de objavljene su i u \u201eIlustrovanoj Politici\u201d.<\/p>\n\n\n\n<p class=\"has-text-align-center\"><strong>______________________________________________________________________________<\/strong><\/p>\n\n\n\n<p><\/p>\n\n\n\n<h2 class=\"wp-block-heading\">Zapisi iz hodnika vremena<\/h2>\n\n\n\n<figure class=\"wp-block-image is-resized size-full\"><img decoding=\"async\" width=\"652\" height=\"1024\" src=\"https:\/\/misterije.stihomgovorim.com\/wp-content\/uploads\/2025\/01\/b6-652x1024.jpg\" alt=\"\" class=\"wp-image-81\" style=\"width:323px;height:auto\" srcset=\"https:\/\/misterije.stihomgovorim.com\/wp-content\/uploads\/2025\/01\/b6-652x1024.jpg 652w, https:\/\/misterije.stihomgovorim.com\/wp-content\/uploads\/2025\/01\/b6-191x300.jpg 191w, https:\/\/misterije.stihomgovorim.com\/wp-content\/uploads\/2025\/01\/b6-768x1207.jpg 768w, https:\/\/misterije.stihomgovorim.com\/wp-content\/uploads\/2025\/01\/b6-977x1536.jpg 977w, https:\/\/misterije.stihomgovorim.com\/wp-content\/uploads\/2025\/01\/b6.jpg 1260w\" sizes=\"(max-width: 652px) 100vw, 652px\" \/><\/figure>\n\n\n\n<p><\/p>\n\n\n\n<p>Izdava\u010d NVO <em>Stihom govorim<\/em>, Bijelo Polje, 2017. godine.<\/p>\n\n\n\n<p>Knjiga <em>Zapisi iz hodnika vremena<\/em> podijeljena je na tri cjeline od po sedam pri\u010da. Naslovi cjelina su: <em>Mo\u017eda bilo<\/em>, <em>Nekad bilo<\/em> i <em>Nikad bilo<\/em>.<\/p>\n\n\n\n<p>Ovi naslovi kriju tri te\u017ei\u0161ta izme\u0111u kojih se tematski kre\u0107u pri\u010de u zbirci, pa knjigu otvara cjelina sa pri\u010dama o djeci, slijedi cjelina koja govori o pri\u010dama koje su vrlo lako mogle biti i istinite, dok tre\u0107a cjelina donosi pri\u010de vidno obojene fantastikom.<\/p>\n\n\n\n<p class=\"has-text-align-center\"><strong>______________________________________________________________________________<\/strong><\/p>\n\n\n\n<p><\/p>\n\n\n\n<h2 class=\"wp-block-heading\">Zov vode<\/h2>\n\n\n\n<figure class=\"wp-block-image size-full is-resized\"><img decoding=\"async\" width=\"411\" height=\"633\" src=\"https:\/\/misterije.stihomgovorim.com\/wp-content\/uploads\/2025\/01\/b7.jpg\" alt=\"\" class=\"wp-image-82\" style=\"width:329px;height:auto\" srcset=\"https:\/\/misterije.stihomgovorim.com\/wp-content\/uploads\/2025\/01\/b7.jpg 411w, https:\/\/misterije.stihomgovorim.com\/wp-content\/uploads\/2025\/01\/b7-195x300.jpg 195w\" sizes=\"(max-width: 411px) 100vw, 411px\" \/><\/figure>\n\n\n\n<p><\/p>\n\n\n\n<p>Izdava\u010d IP <em>Laguna<\/em>, Beograd, 2023. godine. <\/p>\n\n\n\n<p>* Naju\u017ei izbor za nagradu <em>Mali princ<\/em> 2024. godine, koja se dodjeljuje za najbolju dje\u010diju knjigu u regionu za godi\u0161nju produkciju.<\/p>\n\n\n\n<p>Detektivski roman o snazi drugarstva<\/p>\n\n\n\n<p>\u2013 E, zato sam ja pametan, ja nikad ne\u0107u i\u0107i u tu gimnu ili kako se ve\u0107 zove. Ima da se odmetnem na neko pusto ostrvo sa drugarima i da zauvek \u017eivim kao gusar ili mo\u017eda kao viking. Oni su bili stra\u0161niji i od gusara. Kad bolje razmislim, bi\u0107u pola gusar, pola viking, i zva\u0107u se Gviking.<\/p>\n\n\n\n<p>\u2013 Bi\u0107e\u0161 ti pola gusar, pola viking, a sto posto budala \u2013 dobacio je svom bratu Sergej.<\/p>\n\n\n\n<p>Sergej Nedeljkovi\u0107 je u\u010denik osmog razreda osnovne \u0161kole i ma\u0161ta da jednog dana bude najve\u0107i detektiv na svetu. Njegovi najbolji drugari su Milica, odli\u010dan poznavalac dru\u0161tvenih mre\u017ea, i Stefan, koji obo\u017eava igrice, ali u \u0161kolu sti\u017ee novi u\u010denik Mirko. On je povu\u010den i obazriv, i tek kad stekne poverenje u na\u0161e junake, prizna\u0107e im da ima brata blizanca, koji nije obi\u010dno dete. A sve \u0107e se preokrenuti kada Mirkov brat \u2013 nestane!<\/p>\n\n\n\n<p>Zov vode je sjajna avantura koja odli\u010dno obasjava tanane psiholo\u0161ke odnose izme\u0111u dece i roditelja, ali i izuzetan detektivski roman za mlade koji pokazuje da bez prijateljstva nema ni istinskog sazrevanja ni uspeha u \u017eivotu.<\/p>\n\n\n\n<p class=\"has-text-align-center\"><strong>______________________________________________________________________________<\/strong><\/p>\n\n\n\n<p><\/p>\n\n\n\n<h2 class=\"wp-block-heading\">Ne umiru leptiri<\/h2>\n\n\n\n<figure class=\"wp-block-image size-full is-resized\"><img decoding=\"async\" width=\"642\" height=\"990\" src=\"https:\/\/misterije.stihomgovorim.com\/wp-content\/uploads\/2025\/01\/b8.jpg\" alt=\"\" class=\"wp-image-83\" style=\"width:324px;height:auto\" srcset=\"https:\/\/misterije.stihomgovorim.com\/wp-content\/uploads\/2025\/01\/b8.jpg 642w, https:\/\/misterije.stihomgovorim.com\/wp-content\/uploads\/2025\/01\/b8-195x300.jpg 195w\" sizes=\"(max-width: 642px) 100vw, 642px\" \/><\/figure>\n\n\n\n<p><\/p>\n\n\n\n<p>Izdava\u010d NVO <em>Stihom govorim<\/em>, Bijelo Polje, 2023. godine. <\/p>\n\n\n\n<p>* Rukopis romana na\u0161ao se u naju\u017eem, a potom u u\u017eem izboru na konkursima Matice srpske \u2013 Dru\u0161tva \u010dlanova u Crnoj Gori za objavljivanje knjige proze i knjige poezije za 2022. godinu i Zavoda za ud\u017ebenike i nastavna sredstva Isto\u010dno Sarajevo za najbolji neobjavljeni rukopis knjige za djecu u 2023. godini.<\/p>\n\n\n\n<p><em>Ne umiru leptiri<\/em> je kratki roman koji pripovijeda o djeci koja se nalaze na lije\u010denju u dje\u010dijoj bolnici. Kroz sudbinu djevoj\u010dice oboljele od karcinoma prikazan je svijet mali\u0161ana koji su prinu\u0111eni da se suo\u010de sa onim sa \u010dim djeca uop\u0161te ne bi trebalo da se suo\u010davaju. Pri\u010da o malim herojima koji smijehom odnose sopstveni strah, ali i strahove svojih najbli\u017eih. Pri\u010da o onima koji igrom tjeraju smrt od sebe. Pri\u010da o leptirima koji ne \u017eive kratko, ve\u0107 nikada ne umiru&#8230;<\/p>\n\n\n\n<p class=\"has-text-align-center\"><strong>______________________________________________________________________________<\/strong><\/p>\n\n\n\n<p><\/p>\n\n\n\n<h2 class=\"wp-block-heading\">Mrtvoro\u0111eni<\/h2>\n\n\n\n<figure class=\"wp-block-image size-large is-resized\"><img decoding=\"async\" width=\"715\" height=\"1024\" src=\"https:\/\/misterije.stihomgovorim.com\/wp-content\/uploads\/2026\/02\/239802505-715x1024.jpg\" alt=\"\" class=\"wp-image-355\" style=\"aspect-ratio:0.698254886057403;width:331px;height:auto\" srcset=\"https:\/\/misterije.stihomgovorim.com\/wp-content\/uploads\/2026\/02\/239802505-715x1024.jpg 715w, https:\/\/misterije.stihomgovorim.com\/wp-content\/uploads\/2026\/02\/239802505-209x300.jpg 209w, https:\/\/misterije.stihomgovorim.com\/wp-content\/uploads\/2026\/02\/239802505-768x1100.jpg 768w, https:\/\/misterije.stihomgovorim.com\/wp-content\/uploads\/2026\/02\/239802505.jpg 963w\" sizes=\"(max-width: 715px) 100vw, 715px\" \/><\/figure>\n\n\n\n<p><\/p>\n\n\n\n<p>Izdava\u010d NVO <em>Stihom govorim<\/em>, Bijelo Polje, 2025. godine.<\/p>\n\n\n\n<p>&#8220;Mrtvoro\u0111eni&#8221; je grafi\u010dka novela koja spaja elemente horora i trilera. U olujnoj no\u0107i opasnost se spu\u0161ta na udaljeno balkansko selo.<\/p>\n\n\n\n<p>Radnja se odmotava poput zamr\u0161enog klupka, uvla\u010de\u0107i \u010ditaoce u mozaik promenjivih vremenskih linija i mra\u010dnih tajni &#8211; misterioznu pri\u010du od koje ne\u0107ete mo\u0107i da odvojite pogled do posljednje stranice.<\/p>\n\n\n\n<p>Grafi\u010dka novela je dostupna na engleskom jeziku u \u0161tampanom i elektronskom formatu na platformi <a href=\"https:\/\/www.amazon.com\/Stillborn-Aleksandar-Obradovi%C4%87-ebook\/dp\/B0FH344H97\/ref=sr_1_1?crid=MPKTFVGIYYLD&amp;dib=eyJ2IjoiMSJ9.hBN3aY_36F281Qm-b7K77UxOSlgo8OcmIO_5hdBU2z7GjHj071QN20LucGBJIEps.wX0s1UDg5eNqxV44Cz_A-5jLyC26OTfusJrZBR6bDPU&amp;dib_tag=se&amp;keywords=stillborn+aleksandar&amp;qid=1770034463&amp;sprefix=stillborn+aleksanda%2Caps%2C342&amp;sr=8-1\" data-type=\"link\" data-id=\"https:\/\/www.amazon.com\/Stillborn-Aleksandar-Obradovi%C4%87-ebook\/dp\/B0FH344H97\/ref=sr_1_1?crid=MPKTFVGIYYLD&amp;dib=eyJ2IjoiMSJ9.hBN3aY_36F281Qm-b7K77UxOSlgo8OcmIO_5hdBU2z7GjHj071QN20LucGBJIEps.wX0s1UDg5eNqxV44Cz_A-5jLyC26OTfusJrZBR6bDPU&amp;dib_tag=se&amp;keywords=stillborn+aleksandar&amp;qid=1770034463&amp;sprefix=stillborn+aleksanda%2Caps%2C342&amp;sr=8-1\">Amazon<\/a>.<\/p>\n\n\n\n<p><\/p>\n","protected":false},"excerpt":{"rendered":"<p>Snojava Izdava\u010d Banatski kulturni Centar, Kikinda, 2014. godine. * Pobjedni\u010dki rukopis na Konkursu za objavljivanje prvih knjiga mladih autora do 30 godina sa teritorije Op\u0161tine Kikinda&#46;&#46;&#46;<\/p>\n","protected":false},"author":1,"featured_media":0,"parent":0,"menu_order":0,"comment_status":"closed","ping_status":"closed","template":"","meta":{"footnotes":""},"class_list":["post-57","page","type-page","status-publish","hentry"],"_links":{"self":[{"href":"https:\/\/misterije.stihomgovorim.com\/index.php\/wp-json\/wp\/v2\/pages\/57","targetHints":{"allow":["GET"]}}],"collection":[{"href":"https:\/\/misterije.stihomgovorim.com\/index.php\/wp-json\/wp\/v2\/pages"}],"about":[{"href":"https:\/\/misterije.stihomgovorim.com\/index.php\/wp-json\/wp\/v2\/types\/page"}],"author":[{"embeddable":true,"href":"https:\/\/misterije.stihomgovorim.com\/index.php\/wp-json\/wp\/v2\/users\/1"}],"replies":[{"embeddable":true,"href":"https:\/\/misterije.stihomgovorim.com\/index.php\/wp-json\/wp\/v2\/comments?post=57"}],"version-history":[{"count":16,"href":"https:\/\/misterije.stihomgovorim.com\/index.php\/wp-json\/wp\/v2\/pages\/57\/revisions"}],"predecessor-version":[{"id":356,"href":"https:\/\/misterije.stihomgovorim.com\/index.php\/wp-json\/wp\/v2\/pages\/57\/revisions\/356"}],"wp:attachment":[{"href":"https:\/\/misterije.stihomgovorim.com\/index.php\/wp-json\/wp\/v2\/media?parent=57"}],"curies":[{"name":"wp","href":"https:\/\/api.w.org\/{rel}","templated":true}]}}